remainder when 2134769 is divided by 11602?
1
Calculate the remainder when 5887991 is divided by 173169.
245
What is the remainder when 1213445 is divided by 666?
659
What is the remainder when 261499785 is divided by 207?
204
What is the remainder when 55950 is divided by 938?
608
What is the remainder when 207271 is divided by 103584?
103
What is the remainder when 8482284 is divided by 397?
379
Calculate the remainder when 394601 is divided by 394420.
181
Calculate the remainder when 1466244 is divided by 23649.
6
Calculate the remainder when 212134 is divided by 4076.
182
Calculate the remainder when 2947990 is divided by 294791.
80
Calculate the remainder when 3735665 is divided by 4458.
4319
Calculate the remainder when 1663847 is divided by 200.
47
What is the remainder when 60255677 is divided by 2738893?
31
Calculate the remainder when 1535977 is divided by 51.
10
What is the remainder when 504021 is divided by 125785?
881
What is the remainder when 40411 is divided by 38?
17
What is the remainder when 95218 is divided by 3792?
418
Calculate the remainder when 681249 is divided by 218.
217
What is the remainder when 22127676 is divided by 169?
168
What is the remainder when 53221 is divided by 3189?
2197
Calculate the remainder when 150297 is divided by 49646.
1359
What is the remainder when 856604 is divided by 856516?
88
What is the remainder when 352705 is divided by 70445?
480
What is the remainder when 85289149 is divided by 22480?
29
Calculate the remainder when 168122 is divided by 1313.
58
Calculate the remainder when 311936 is divided by 151698.
8540
Calculate the remainder when 13486270 is divided by 96.
94
What is the remainder when 5603298 is divided by 659?
480
Calculate the remainder when 576418 is divided by 576339.
79
Calculate the remainder when 226514 is divided by 6290.
74
What is the remainder when 3612716 is divided by 602073?
278
What is the remainder when 7000044 is divided by 56?
44
Calculate the remainder when 25682 is divided by 1268.
322
What is the remainder when 232456 is divided by 1198?
44
Calculate the remainder when 79953 is divided by 329.
6
Calculate the remainder when 1663761 is divided by 991.
863
Calculate the remainder when 670730 is divided by 313.
284
Calculate the remainder when 146311 is divided by 504.
151
Calculate the remainder when 4522075 is divided by 429.
415
What is the remainder when 140629 is divided by 374?
5
What is the remainder when 561306 is divided by 8278?
6680
What is the remainder when 63828 is divided by 31328?
1172
Calculate the remainder when 2328991 is divided by 35.
21
What is the remainder when 41866792 is divided by 166?
98
What is the remainder when 78116 is divided by 75065?
3051
What is the remainder when 826078 is divided by 82606?
18
What is the remainder when 19210463 is divided by 178?
169
Calculate the remainder when 759283098 is divided by 244.
238
Calculate the remainder when 3435507 is divided by 1238.
57
Calculate the remainder when 3846671 is divided by 2447.
2434
Calculate the remainder when 814396 is divided by 268364.
9304
Calculate the remainder when 7870628 is divided by 1967614.
172
What is the remainder when 165945 is divided by 8276?
425
Calculate the remainder when 2348516909 is divided by 370.
369
What is the remainder when 163454543 is divided by 108?
107
What is the remainder when 530499967 is divided by 6370?
6367
What is the remainder when 31871 is divided by 874?
407
Calculate the remainder when 7491917 is divided by 36.
29
What is the remainder when 243471412 is divided by 18728570?
2
Calculate the remainder when 101058482 is divided by 55.
52
What is the remainder when 20198 is divided by 9913?
372
What is the remainder when 48196 is divided by 338?
200
What is the remainder when 54045 is divided by 52870?
1175
What is the remainder when 195138 is divided by 3046?
194
What is the remainder when 700079 is divided by 72?
23
Calculate the remainder when 7389 is divided by 172.
165
Calculate the remainder when 324098 is divided by 17765.
4328
Calculate the remainder when 148310 is divided by 2200.
910
Calculate the remainder when 332138 is divided by 166052.
34
What is the remainder when 455750 is divided by 454558?
1192
What is the remainder when 44279 is divided by 330?
59
Calculate the remainder when 188419 is divided by 183.
112
What is the remainder when 5821070 is divided by 317?
316
Calculate the remainder when 11325124 is divided by 223.
69
Calculate the remainder when 585192904 is divided by 7662.
7654
Calculate the remainder when 136025392 is divided by 52.
48
Calculate the remainder when 2213677 is divided by 59.
56
Calculate the remainder when 920696 is divided by 215.
66
Calculate the remainder when 259643163 is divided by 82.
3
Calculate the remainder when 19813054 is divided by 2368.
2366
What is the remainder when 6413188 is divided by 239?
101
What is the remainder when 87527912 is divided by 21?
17
What is the remainder when 34348411 is divided by 85?
81
What is the remainder when 39241375 is divided by 63?
61
Calculate the remainder when 141157831 is divided by 2502.
2497
What is the remainder when 61164 is divided by 10127?
402
Calculate the remainder when 44151 is divided by 11282.
10305
Calculate the remainder when 115899094 is divided by 43.
33
What is the remainder when 16390 is divided by 15?
10
What is the remainder when 5931550 is divided by 55958?
2
Calculate the remainder when 1506103 is divided by 76.
11
What is the remainder when 8981994 is divided by 1567?
1517
Calculate the remainder when 492103 is divided by 1323.
1270
What is the remainder when 74457 is divided by 7443?
27
What is the remainder when 2088940 is divided by 1455?
1015
Calculate the remainder when 1065663 is divided by 456.
447
Calculate the remainder when 2624258 is divided by 437376.
2
Calculate the remainder when 761663 is divided by 2548.
2359
What is the remainder when 7195437 is divided by 127?
125
What is the remainder when 37082813 is divided by 37082801?
12
Calculate the remainder when 60540671 is divided by 7.
2
Calculate the remainder when 134972514 is divided by 399.
390
What is the remainder when 5969642 is divided by 746159?
370
What is the remainder when 10091134 is divided by 63?
46
Calculate the remainder when 2625956 is divided by 165.
146
What is the remainder when 2115402 is divided by 496?
458
Calculate the remainder when 2784308 is divided by 126558.
32
Calculate the remainder when 65610 is divided by 990.
270
Calculate the remainder when 5892843 is divided by 1533.
1524
Calculate the remainder when 389911 is divided by 2363.
16
Calculate the remainder when 2475507 is divided by 14227.
9
Calculate the remainder when 269094203 is divided by 6858.
6857
What is the remainder when 92413 is divided by 49?
48
Calculate the remainder when 1783621 is divided by 297254.
97
What is the remainder when 31286757 is divided by 625734?
57
Calculate the remainder when 466866 is divided by 466773.
93
Calculate the remainder when 9728197 is divided by 3175.
3172
What is the remainder when 2086452 is divided by 2086438?
14
Calculate the remainder when 43815860 is divided by 2037.
2027
What is the remainder when 654800 is divided by 208?
16
What is the remainder when 14913825 is divided by 102?
99
What is the remainder when 183411038 is divided by 656?
654
What is the remainder when 195549 is divided by 39108?
9
Calculate the remainder when 6979 is divided by 2013.
940
Calculate the remainder when 2815765 is divided by 34.
21
What is the remainder when 8391608 is divided by 21?
8
Calculate the remainder when 212150 is divided by 780.
770
Calculate the remainder when 74989251 is divided by 2033.
13
Calculate the remainder when 6455778 is divided by 22494.
0
What is the remainder when 410142553 is divided by 6417?
6415
What is the remainder when 1350216 is divided by 8032?
840
What is the remainder when 5289702 is divided by 661209?
30
Calculate the remainder when 209789 is divided by 209626.
163
Calculate the remainder when 1421995 is divided by 312.
211
What is the remainder when 34952 is divided by 5444?
2288
Calculate the remainder when 2730288 is divided by 640.
48
Calculate the remainder when 2793935 is divided by 636.
623
Calculate 